{"id":1090,"date":"2025-07-02T15:19:50","date_gmt":"2025-07-02T13:19:50","guid":{"rendered":"https:\/\/latoiledumenuisier.fr\/?page_id=1090"},"modified":"2025-07-02T15:57:49","modified_gmt":"2025-07-02T13:57:49","slug":"mentions-legales","status":"publish","type":"page","link":"https:\/\/latoiledumenuisier.fr\/index.php\/mentions-legales\/","title":{"rendered":"Mentions l\u00e9gales"},"content":{"rendered":"\t\t<div data-elementor-type=\"wp-page\" data-elementor-id=\"1090\" class=\"elementor elementor-1090\" data-elementor-post-type=\"page\">\n\t\t\t\t<div class=\"elementor-element elementor-element-7ce2c6c e-flex e-con-boxed e-con e-parent\" data-id=\"7ce2c6c\" data-element_type=\"container\" data-e-type=\"container\">\n\t\t\t\t\t<div class=\"e-con-inner\">\n\t\t<div class=\"elementor-element elementor-element-23c1873 e-flex e-con-boxed e-con e-child\" data-id=\"23c1873\" data-element_type=\"container\" data-e-type=\"container\">\n\t\t\t\t\t<div class=\"e-con-inner\">\n\t\t\t\t<div class=\"elementor-element elementor-element-3d93d1d elementor-widget elementor-widget-heading\" data-id=\"3d93d1d\" data-element_type=\"widget\" data-e-type=\"widget\" data-widget_type=\"heading.default\">\n\t\t\t\t<div class=\"elementor-widget-container\">\n\t\t\t\t\t<h2 class=\"elementor-heading-title elementor-size-default\">La Toile du Menuisier<\/h2>\t\t\t\t<\/div>\n\t\t\t\t<\/div>\n\t\t\t\t<div class=\"elementor-element elementor-element-a3ff415 elementor-widget elementor-widget-heading\" data-id=\"a3ff415\" data-element_type=\"widget\" data-e-type=\"widget\" data-widget_type=\"heading.default\">\n\t\t\t\t<div class=\"elementor-widget-container\">\n\t\t\t\t\t<h2 class=\"elementor-heading-title elementor-size-default\">Mention l\u00e9gales<\/h2>\t\t\t\t<\/div>\n\t\t\t\t<\/div>\n\t\t\t\t<div class=\"elementor-element elementor-element-e47c816 elementor-widget-divider--view-line elementor-widget elementor-widget-divider\" data-id=\"e47c816\" data-element_type=\"widget\" data-e-type=\"widget\" data-widget_type=\"divider.default\">\n\t\t\t\t<div class=\"elementor-widget-container\">\n\t\t\t\t\t\t\t<div class=\"elementor-divider\">\n\t\t\t<span class=\"elementor-divider-separator\">\n\t\t\t\t\t\t<\/span>\n\t\t<\/div>\n\t\t\t\t\t\t<\/div>\n\t\t\t\t<\/div>\n\t\t\t\t<div class=\"elementor-element elementor-element-71cd706 elementor-widget elementor-widget-text-editor\" data-id=\"71cd706\" data-element_type=\"widget\" data-e-type=\"widget\" data-widget_type=\"text-editor.default\">\n\t\t\t\t<div class=\"elementor-widget-container\">\n\t\t\t\t\t\t\t\t\t<p data-start=\"78\" data-end=\"243\">Bienvenue sur le site officiel de <strong data-start=\"123\" data-end=\"139\">La Toile du Menuisier<\/strong>, artisan multiservices en Savoie. Conform\u00e9ment \u00e0 la l\u00e9gislation en vigueur, vous trouverez ci-dessous toutes les informations l\u00e9gales relatives \u00e0 l\u2019\u00e9dition, \u00e0 l\u2019h\u00e9bergement et \u00e0 l\u2019utilisation de ce site internet.<\/p>\t\t\t\t\t\t\t\t<\/div>\n\t\t\t\t<\/div>\n\t\t\t\t<div class=\"elementor-element elementor-element-495272b elementor-widget elementor-widget-spacer\" data-id=\"495272b\" data-element_type=\"widget\" data-e-type=\"widget\" data-widget_type=\"spacer.default\">\n\t\t\t\t<div class=\"elementor-widget-container\">\n\t\t\t\t\t\t\t<div class=\"elementor-spacer\">\n\t\t\t<div class=\"elementor-spacer-inner\"><\/div>\n\t\t<\/div>\n\t\t\t\t\t\t<\/div>\n\t\t\t\t<\/div>\n\t\t\t\t\t<\/div>\n\t\t\t\t<\/div>\n\t\t\t\t\t<\/div>\n\t\t\t\t<\/div>\n\t\t<div class=\"elementor-element elementor-element-ced0846 e-flex e-con-boxed e-con e-parent\" data-id=\"ced0846\" data-element_type=\"container\" data-e-type=\"container\">\n\t\t\t\t\t<div class=\"e-con-inner\">\n\t\t<div class=\"elementor-element elementor-element-b8c2041 e-flex e-con-boxed e-con e-child\" data-id=\"b8c2041\" data-element_type=\"container\" data-e-type=\"container\">\n\t\t\t\t\t<div class=\"e-con-inner\">\n\t\t\t\t<div class=\"elementor-element elementor-element-8ad5a90 elementor-widget elementor-widget-heading\" data-id=\"8ad5a90\" data-element_type=\"widget\" data-e-type=\"widget\" data-widget_type=\"heading.default\">\n\t\t\t\t<div class=\"elementor-widget-container\">\n\t\t\t\t\t<h2 class=\"elementor-heading-title elementor-size-default\">Responsable du site<\/h2>\t\t\t\t<\/div>\n\t\t\t\t<\/div>\n\t\t\t\t<div class=\"elementor-element elementor-element-01ef68c elementor-widget elementor-widget-text-editor\" data-id=\"01ef68c\" data-element_type=\"widget\" data-e-type=\"widget\" data-widget_type=\"text-editor.default\">\n\t\t\t\t<div class=\"elementor-widget-container\">\n\t\t\t\t\t\t\t\t\t<p>La Toile du Menuisier est une Entreprise Individuelle dirig\u00e9e par Damien Chalot, immatricul\u00e9e au greffe de Chamb\u00e9ry le 10\/01\/2010.<br \/>Si\u00e8ge social : 98 rue Martin Luther King, 73000 Chamb\u00e9ry<br \/>T\u00e9l\u00e9phone : 06 16 49 05 65<br \/>Mail : latoiledumenuisier@gmail.com<br \/>Siret : 51889657600015<br \/>N\u00b0 TVA : FR81518896576<\/p><p>Entreprise sp\u00e9cialis\u00e9e dans Travaux de rev\u00eatement des sols et des murs, la pose de plafonds et murs tendus.<\/p>\t\t\t\t\t\t\t\t<\/div>\n\t\t\t\t<\/div>\n\t\t\t\t\t<\/div>\n\t\t\t\t<\/div>\n\t\t<div class=\"elementor-element elementor-element-ee01eb3 e-con-full e-flex e-con e-child\" data-id=\"ee01eb3\" data-element_type=\"container\" data-e-type=\"container\">\n\t\t\t\t<div class=\"elementor-element elementor-element-56a14ba elementor-widget elementor-widget-heading\" data-id=\"56a14ba\" data-element_type=\"widget\" data-e-type=\"widget\" data-widget_type=\"heading.default\">\n\t\t\t\t<div class=\"elementor-widget-container\">\n\t\t\t\t\t<h2 class=\"elementor-heading-title elementor-size-default\"><span class=\"elementor-heading-title elementor-size-default elementor-inline-editing pen\" data-elementor-setting-key=\"title\" data-pen-placeholder=\"\u00c9crivez ici...\" style=\"font-style: normal;, sans-serif;line-height: 1em\">Edition du site<\/span><\/h2>\t\t\t\t<\/div>\n\t\t\t\t<\/div>\n\t\t\t\t<div class=\"elementor-element elementor-element-1e04971 elementor-widget elementor-widget-text-editor\" data-id=\"1e04971\" data-element_type=\"widget\" data-e-type=\"widget\" data-widget_type=\"text-editor.default\">\n\t\t\t\t<div class=\"elementor-widget-container\">\n\t\t\t\t\t\t\t\t\t<p>White Paper Communication, agence digital \u00e0 Chamb\u00e9ry.<\/p><p>Immatricul\u00e9e au greffe de Chamb\u00e9ry le 01\/07\/2024.<br \/>Si\u00e8ge social : 21 rue Rabelais, 73000 Chamb\u00e9ry<br \/>T\u00e9l\u00e9phone : 06 26 40 35 69<br \/>Mail : contact@whitepapercom.fr<br \/>Siret : 931655757 00017<br \/>N\u00b0 TVA : FR68931655757<\/p><p>Entreprise sp\u00e9cialis\u00e9e dans la communication, le graphisme et la photographie.<\/p>\t\t\t\t\t\t\t\t<\/div>\n\t\t\t\t<\/div>\n\t\t\t\t<\/div>\n\t\t\t\t\t<\/div>\n\t\t\t\t<\/div>\n\t\t<div class=\"elementor-element elementor-element-2eb5f73 e-flex e-con-boxed e-con e-parent\" data-id=\"2eb5f73\" data-element_type=\"container\" data-e-type=\"container\">\n\t\t\t\t\t<div class=\"e-con-inner\">\n\t\t<div class=\"elementor-element elementor-element-2d0ea8d e-flex e-con-boxed e-con e-child\" data-id=\"2d0ea8d\" data-element_type=\"container\" data-e-type=\"container\">\n\t\t\t\t\t<div class=\"e-con-inner\">\n\t\t\t\t<div class=\"elementor-element elementor-element-63c47c1 elementor-widget elementor-widget-heading\" data-id=\"63c47c1\" data-element_type=\"widget\" data-e-type=\"widget\" data-widget_type=\"heading.default\">\n\t\t\t\t<div class=\"elementor-widget-container\">\n\t\t\t\t\t<h2 class=\"elementor-heading-title elementor-size-default\"><span class=\"elementor-heading-title elementor-size-default elementor-inline-editing pen\" data-elementor-setting-key=\"title\" data-pen-placeholder=\"\u00c9crivez ici...\" style=\"font-style: normal;, sans-serif;line-height: 1em\">H\u00e9bergeur<\/span><\/h2>\t\t\t\t<\/div>\n\t\t\t\t<\/div>\n\t\t\t\t<div class=\"elementor-element elementor-element-ba79077 elementor-widget elementor-widget-text-editor\" data-id=\"ba79077\" data-element_type=\"widget\" data-e-type=\"widget\" data-widget_type=\"text-editor.default\">\n\t\t\t\t<div class=\"elementor-widget-container\">\n\t\t\t\t\t\t\t\t\t<p>OVH <br \/>2 rue Kellermann <br \/>BP 80157 59053 ROUBAIX CEDEX 1 &#8211; France <br \/>ovh.com<\/p>\t\t\t\t\t\t\t\t<\/div>\n\t\t\t\t<\/div>\n\t\t\t\t\t<\/div>\n\t\t\t\t<\/div>\n\t\t<div class=\"elementor-element elementor-element-7c26b4c e-con-full e-flex e-con e-child\" data-id=\"7c26b4c\" data-element_type=\"container\" data-e-type=\"container\">\n\t\t\t\t<div class=\"elementor-element elementor-element-0100b74 elementor-widget elementor-widget-heading\" data-id=\"0100b74\" data-element_type=\"widget\" data-e-type=\"widget\" data-widget_type=\"heading.default\">\n\t\t\t\t<div class=\"elementor-widget-container\">\n\t\t\t\t\t<h2 class=\"elementor-heading-title elementor-size-default\"><span class=\"elementor-heading-title elementor-size-default elementor-inline-editing pen\" data-elementor-setting-key=\"title\" data-pen-placeholder=\"\u00c9crivez ici...\" style=\"font-style: normal;, sans-serif;line-height: 1em\">Propri\u00e9t\u00e9 intellectuelle<\/span><\/h2>\t\t\t\t<\/div>\n\t\t\t\t<\/div>\n\t\t\t\t<div class=\"elementor-element elementor-element-239aff7 elementor-widget elementor-widget-text-editor\" data-id=\"239aff7\" data-element_type=\"widget\" data-e-type=\"widget\" data-widget_type=\"text-editor.default\">\n\t\t\t\t<div class=\"elementor-widget-container\">\n\t\t\t\t\t\t\t\t\t<p class=\"\" data-start=\"144\" data-end=\"437\">L\u2019ensemble du contenu pr\u00e9sent sur le site <a href=\"https:\/\/latoiledumenuisier.fr\/\">latoiledumenuisier.fr\/<\/a> incluant de mani\u00e8re non exhaustive les textes, images, graphismes, logo, vid\u00e9os, \u00e9l\u00e9ments sonores, ic\u00f4nes, ainsi que la structure du site, est la propri\u00e9t\u00e9 exclusive de La Toile du Menuisier ou fait l\u2019objet d\u2019une autorisation d\u2019utilisation.<\/p><p class=\"\" data-start=\"439\" data-end=\"665\">Toute reproduction, repr\u00e9sentation, modification, publication, adaptation de tout ou partie des \u00e9l\u00e9ments du site, quel que soit le moyen ou le proc\u00e9d\u00e9 utilis\u00e9, est interdite, sauf autorisation \u00e9crite pr\u00e9alable de La Toile du Menuisier.<\/p><p class=\"\" data-start=\"667\" data-end=\"925\">Toute exploitation non autoris\u00e9e du site ou de l\u2019un de ses \u00e9l\u00e9ments sera consid\u00e9r\u00e9e comme constitutive d\u2019une contrefa\u00e7on et pourra entra\u00eener des poursuites conform\u00e9ment aux dispositions des articles L.335-2 et suivants du Code de la propri\u00e9t\u00e9 intellectuelle.<\/p>\t\t\t\t\t\t\t\t<\/div>\n\t\t\t\t<\/div>\n\t\t\t\t<\/div>\n\t\t\t\t\t<\/div>\n\t\t\t\t<\/div>\n\t\t<div class=\"elementor-element elementor-element-1ce7d13 e-flex e-con-boxed e-con e-parent\" data-id=\"1ce7d13\" data-element_type=\"container\" data-e-type=\"container\">\n\t\t\t\t\t<div class=\"e-con-inner\">\n\t\t<div class=\"elementor-element elementor-element-bbdf0cd e-flex e-con-boxed e-con e-child\" data-id=\"bbdf0cd\" data-element_type=\"container\" data-e-type=\"container\">\n\t\t\t\t\t<div class=\"e-con-inner\">\n\t\t\t\t<div class=\"elementor-element elementor-element-fcc1fbf elementor-widget elementor-widget-heading\" data-id=\"fcc1fbf\" data-element_type=\"widget\" data-e-type=\"widget\" data-widget_type=\"heading.default\">\n\t\t\t\t<div class=\"elementor-widget-container\">\n\t\t\t\t\t<h2 class=\"elementor-heading-title elementor-size-default\"><span class=\"elementor-heading-title elementor-size-default elementor-inline-editing pen\" data-elementor-setting-key=\"title\" data-pen-placeholder=\"\u00c9crivez ici...\" style=\"font-style: normal;, sans-serif;line-height: 1em\">Responsabilit\u00e9<\/span><\/h2>\t\t\t\t<\/div>\n\t\t\t\t<\/div>\n\t\t\t\t<div class=\"elementor-element elementor-element-d7492e2 elementor-widget elementor-widget-text-editor\" data-id=\"d7492e2\" data-element_type=\"widget\" data-e-type=\"widget\" data-widget_type=\"text-editor.default\">\n\t\t\t\t<div class=\"elementor-widget-container\">\n\t\t\t\t\t\t\t\t\t<p class=\"\" data-start=\"121\" data-end=\"473\">La Toile du Menuisier s\u2019efforce de fournir sur le site <a href=\"http:\/\/www.latoiledumenuisier.fr\">www.latoiledumenuisier.fr<\/a> des informations aussi pr\u00e9cises et \u00e0 jour que possible. Toutefois, des erreurs ou omissions peuvent survenir. L\u2019institut ne pourra en aucun cas \u00eatre tenu responsable de l\u2019utilisation faite des informations diffus\u00e9es sur le site, ni de tout dommage direct ou indirect pouvant en d\u00e9couler.<\/p><p class=\"\" data-start=\"475\" data-end=\"683\">Le site <a href=\"http:\/\/www.latoiledumenuisier.fr\">www.latoiledumenuisier.fr<\/a> peut contenir des liens vers d\u2019autres sites internet. La Toile du Menuisier ne peut \u00eatre tenue responsable du contenu, des pratiques ou de la politique de confidentialit\u00e9 de ces sites tiers.<\/p><p class=\"\" data-start=\"685\" data-end=\"857\">L\u2019utilisateur reconna\u00eet utiliser le site sous sa seule responsabilit\u00e9 et s\u2019engage \u00e0 v\u00e9rifier l\u2019exactitude des informations fournies avant toute prise de d\u00e9cision ou action.<\/p>\t\t\t\t\t\t\t\t<\/div>\n\t\t\t\t<\/div>\n\t\t\t\t\t<\/div>\n\t\t\t\t<\/div>\n\t\t<div class=\"elementor-element elementor-element-332434a e-con-full e-flex e-con e-child\" data-id=\"332434a\" data-element_type=\"container\" data-e-type=\"container\">\n\t\t\t\t<div class=\"elementor-element elementor-element-65d80ca elementor-widget elementor-widget-heading\" data-id=\"65d80ca\" data-element_type=\"widget\" data-e-type=\"widget\" data-widget_type=\"heading.default\">\n\t\t\t\t<div class=\"elementor-widget-container\">\n\t\t\t\t\t<h2 class=\"elementor-heading-title elementor-size-default\"><span class=\"elementor-heading-title elementor-size-default elementor-inline-editing pen\" data-elementor-setting-key=\"title\" data-pen-placeholder=\"\u00c9crivez ici...\" style=\"font-style: normal;, sans-serif;line-height: 1em\">Donn\u00e9es personnelles &amp; cookies<\/span><\/h2>\t\t\t\t<\/div>\n\t\t\t\t<\/div>\n\t\t\t\t<div class=\"elementor-element elementor-element-5a20fbb elementor-widget elementor-widget-text-editor\" data-id=\"5a20fbb\" data-element_type=\"widget\" data-e-type=\"widget\" data-widget_type=\"text-editor.default\">\n\t\t\t\t<div class=\"elementor-widget-container\">\n\t\t\t\t\t\t\t\t\t<p class=\"\" data-start=\"183\" data-end=\"514\">La Toile du Menuisier s\u2019engage \u00e0 respecter la confidentialit\u00e9 des donn\u00e9es personnelles collect\u00e9es via le site <a href=\"http:\/\/www.latoiledumenuisier.fr\">www.latoiledumenuisier.fr<\/a>. Ces donn\u00e9es sont uniquement utilis\u00e9es dans le cadre de la prise de rendez-vous, des demandes de contact ou du suivi client. Elles ne sont ni vendues, ni transmises \u00e0 des tiers sans votre consentement pr\u00e9alable.<\/p><p class=\"\" data-start=\"516\" data-end=\"821\">Conform\u00e9ment au <strong data-start=\"532\" data-end=\"590\">R\u00e8glement G\u00e9n\u00e9ral sur la Protection des Donn\u00e9es (RGPD)<\/strong>, vous disposez d\u2019un droit d\u2019acc\u00e8s, de rectification, d\u2019opposition, de suppression et de portabilit\u00e9 des donn\u00e9es vous concernant. Pour exercer ce droit, vous pouvez adresser votre demande par e-mail \u00e0 : latoiledumenuisier.fr.<\/p><p class=\"\" data-start=\"823\" data-end=\"1126\">Le site utilise \u00e9galement des <strong data-start=\"853\" data-end=\"864\">cookies<\/strong> afin d\u2019am\u00e9liorer votre exp\u00e9rience de navigation. Vous avez la possibilit\u00e9 de les accepter, les refuser ou les param\u00e9trer lors de votre premi\u00e8re visite sur le site<\/p>\t\t\t\t\t\t\t\t<\/div>\n\t\t\t\t<\/div>\n\t\t\t\t<\/div>\n\t\t\t\t\t<\/div>\n\t\t\t\t<\/div>\n\t\t<div class=\"elementor-element elementor-element-630a698d e-con-full e-flex e-con e-parent\" data-id=\"630a698d\" data-element_type=\"container\" data-e-type=\"container\" data-settings=\"{&quot;background_background&quot;:&quot;classic&quot;}\">\n\t\t<div class=\"elementor-element elementor-element-29be2426 e-con-full e-flex e-con e-child\" data-id=\"29be2426\" data-element_type=\"container\" data-e-type=\"container\">\n\t\t<div class=\"elementor-element elementor-element-67aa0e3c e-con-full e-flex e-con e-child\" data-id=\"67aa0e3c\" data-element_type=\"container\" data-e-type=\"container\">\n\t\t\t\t<div class=\"elementor-element elementor-element-4bed9763 elementor-widget elementor-widget-heading\" data-id=\"4bed9763\" data-element_type=\"widget\" data-e-type=\"widget\" data-widget_type=\"heading.default\">\n\t\t\t\t<div class=\"elementor-widget-container\">\n\t\t\t\t\t<h2 class=\"elementor-heading-title elementor-size-default\">\u00a92025 La Toile du Menuisier.<\/h2>\t\t\t\t<\/div>\n\t\t\t\t<\/div>\n\t\t\t\t<div class=\"elementor-element elementor-element-50b2c954 elementor-widget elementor-widget-heading\" data-id=\"50b2c954\" data-element_type=\"widget\" data-e-type=\"widget\" data-widget_type=\"heading.default\">\n\t\t\t\t<div class=\"elementor-widget-container\">\n\t\t\t\t\t<h2 class=\"elementor-heading-title elementor-size-default\"><a href=\"https:\/\/latoiledumenuisier.fr\/index.php\/mentions-legales\/\">Mentions l\u00e9gales.<\/a><\/h2>\t\t\t\t<\/div>\n\t\t\t\t<\/div>\n\t\t\t\t<\/div>\n\t\t<div class=\"elementor-element elementor-element-31075680 e-con-full e-flex e-con e-child\" data-id=\"31075680\" data-element_type=\"container\" data-e-type=\"container\">\n\t\t\t\t<div class=\"elementor-element elementor-element-6685d0b6 elementor-view-framed elementor-shape-circle elementor-widget elementor-widget-icon\" data-id=\"6685d0b6\" data-element_type=\"widget\" data-e-type=\"widget\" data-widget_type=\"icon.default\">\n\t\t\t\t<div class=\"elementor-widget-container\">\n\t\t\t\t\t\t\t<div class=\"elementor-icon-wrapper\">\n\t\t\t<a class=\"elementor-icon\" href=\"tel:0616490565\">\n\t\t\t<i aria-hidden=\"true\" class=\"fas fa-phone-alt\"><\/i>\t\t\t<\/a>\n\t\t<\/div>\n\t\t\t\t\t\t<\/div>\n\t\t\t\t<\/div>\n\t\t\t\t<div class=\"elementor-element elementor-element-138bb875 elementor-view-framed elementor-shape-circle elementor-widget elementor-widget-icon\" data-id=\"138bb875\" data-element_type=\"widget\" data-e-type=\"widget\" data-widget_type=\"icon.default\">\n\t\t\t\t<div class=\"elementor-widget-container\">\n\t\t\t\t\t\t\t<div class=\"elementor-icon-wrapper\">\n\t\t\t<a class=\"elementor-icon\" href=\"mailto:latoiledumenuisier@gmail.com\">\n\t\t\t<i aria-hidden=\"true\" class=\"far fa-envelope\"><\/i>\t\t\t<\/a>\n\t\t<\/div>\n\t\t\t\t\t\t<\/div>\n\t\t\t\t<\/div>\n\t\t\t\t<\/div>\n\t\t<div class=\"elementor-element elementor-element-5016cde1 e-con-full e-flex e-con e-child\" data-id=\"5016cde1\" data-element_type=\"container\" data-e-type=\"container\">\n\t\t\t\t<div class=\"elementor-element elementor-element-16699748 elementor-widget elementor-widget-heading\" data-id=\"16699748\" data-element_type=\"widget\" data-e-type=\"widget\" data-widget_type=\"heading.default\">\n\t\t\t\t<div class=\"elementor-widget-container\">\n\t\t\t\t\t<h2 class=\"elementor-heading-title elementor-size-default\">Conception : White Paper Communication<\/h2>\t\t\t\t<\/div>\n\t\t\t\t<\/div>\n\t\t\t\t<\/div>\n\t\t\t\t<\/div>\n\t\t\t\t<\/div>\n\t\t\t\t<\/div>\n\t\t","protected":false},"excerpt":{"rendered":"<p>La Toile du Menuisier Mention l\u00e9gales Bienvenue sur le site officiel de La Toile du Menuisier, artisan multiservices en Savoie. Conform\u00e9ment \u00e0 la l\u00e9gislation en vigueur, vous trouverez ci-dessous toutes les informations l\u00e9gales relatives \u00e0 l\u2019\u00e9dition, \u00e0 l\u2019h\u00e9bergement et \u00e0 l\u2019utilisation de ce site internet. Responsable du site La Toile du Menuisier est une Entreprise [&hellip;]<\/p>\n","protected":false},"author":2,"featured_media":0,"parent":0,"menu_order":0,"comment_status":"closed","ping_status":"closed","template":"elementor_header_footer","meta":{"om_disable_all_campaigns":false,"_monsterinsights_skip_tracking":false,"_monsterinsights_sitenote_active":false,"_monsterinsights_sitenote_note":"","_monsterinsights_sitenote_category":0,"footnotes":""},"class_list":["post-1090","page","type-page","status-publish","hentry","entry"],"aioseo_notices":[],"jetpack_sharing_enabled":true,"_links":{"self":[{"href":"https:\/\/latoiledumenuisier.fr\/index.php\/wp-json\/wp\/v2\/pages\/1090","targetHints":{"allow":["GET"]}}],"collection":[{"href":"https:\/\/latoiledumenuisier.fr\/index.php\/wp-json\/wp\/v2\/pages"}],"about":[{"href":"https:\/\/latoiledumenuisier.fr\/index.php\/wp-json\/wp\/v2\/types\/page"}],"author":[{"embeddable":true,"href":"https:\/\/latoiledumenuisier.fr\/index.php\/wp-json\/wp\/v2\/users\/2"}],"replies":[{"embeddable":true,"href":"https:\/\/latoiledumenuisier.fr\/index.php\/wp-json\/wp\/v2\/comments?post=1090"}],"version-history":[{"count":20,"href":"https:\/\/latoiledumenuisier.fr\/index.php\/wp-json\/wp\/v2\/pages\/1090\/revisions"}],"predecessor-version":[{"id":1264,"href":"https:\/\/latoiledumenuisier.fr\/index.php\/wp-json\/wp\/v2\/pages\/1090\/revisions\/1264"}],"wp:attachment":[{"href":"https:\/\/latoiledumenuisier.fr\/index.php\/wp-json\/wp\/v2\/media?parent=1090"}],"curies":[{"name":"wp","href":"https:\/\/api.w.org\/{rel}","templated":true}]}}